{"id":284,"date":"2019-02-17T13:27:27","date_gmt":"2019-02-17T13:27:27","guid":{"rendered":"http:\/\/gruaspuntas.com\/?page_id=284"},"modified":"2019-02-17T19:13:05","modified_gmt":"2019-02-17T19:13:05","slug":"politica-de-cookies","status":"publish","type":"page","link":"https:\/\/gruaspuntas.com\/?page_id=284","title":{"rendered":"POLITICA DE COOKIES"},"content":{"rendered":"\n<p><strong>INFORMACI\u00d3N SOBRE COOKIES<\/strong><\/p>\n\n\n\n<p>Debido a la entrada en vigor de la\nreferente modificaci\u00f3n de la \u201cLey de Servicios de la Sociedad de la\nInformaci\u00f3n\u201d (LSSICE) establecida por el Real Decreto 13\/2012, es de obligaci\u00f3n\nobtener el consentimiento expreso del usuario de todas las p\u00e1ginas web que usan\ncookies prescindibles, antes de que \u00e9ste navegue por ellas.<\/p>\n\n\n\n<p>Las \u00abcookies\u00bb permiten a los\nprestadores de servicios relacionados con Internet almacenar y recuperar datos\nsobre los usuarios almacenados en sus equipos.<\/p>\n\n\n\n<p>Cuando los prestadores de servicios\nrelacionados con Internet empleen cookies deben recabar el consentimiento de\nlos usuarios despu\u00e9s de que los mismos hayan sido informados de manera clara y\ncompleta sobre su utilizaci\u00f3n y finalidad (en particular sobre los fines del\ntratamiento de los datos, con arreglo a lo dispuesto tanto en la Ley Org\u00e1nica\n15\/1999, de 13 de diciembre, de Protecci\u00f3n de Datos de Car\u00e1cter Personal como\nen el RGPD (UE) 2016\/679).<\/p>\n\n\n\n<p>Cuando sea t\u00e9cnicamente posible y\neficaz, el consentimiento del destinatario para aceptar el tratamiento de los\ndatos podr\u00e1 facilitarse mediante la configuraci\u00f3n del navegador de Internet (u\notra aplicaci\u00f3n) que se est\u00e9 utilizando.<\/p>\n\n\n\n<p>Lo anterior no impedir\u00e1 el posible\nalmacenamiento o acceso de \u00edndole t\u00e9cnica con el solo fin de efectuar la\ntransmisi\u00f3n de una comunicaci\u00f3n por una red de comunicaciones electr\u00f3nicas o,\nen la medida que resulte estrictamente necesario, para la prestaci\u00f3n de un\nservicio de la sociedad de la informaci\u00f3n expresamente solicitado por el\ndestinatario. Ej:_, las cookies de autenticaci\u00f3n para identificar al usuario\nuna vez registrado, o el carrito de la compra en una p\u00e1gina de internet donde\nse van almacenando los art\u00edculos que vamos comprando antes de proceder al pago\nfinal.<\/p>\n\n\n\n<p><strong>\u00bfQU\u00c9 SON LAS COOKIES?<\/strong><\/p>\n\n\n\n<p>Las cookies son herramientas\nutilizadas en los sitios Web para:, asegurar el correcto funcionamiento del\nsitio y almacenar y recuperar informaci\u00f3n de sus visitantes.<\/p>\n\n\n\n<p>Mediante el uso de estas\nherramientas el servidor Web podr\u00e1 recordar algunos datos concernientes al\nusuario, sus preferencias para la visualizaci\u00f3n de sus p\u00e1ginas, nombres,\ncontrase\u00f1as, productos que m\u00e1s interesan, carritos de compra, etc.<\/p>\n\n\n\n<p><strong>CLASIFICACI\u00d3N Y TIPOS DE COOKIES<\/strong><\/p>\n\n\n\n<p><strong>Cookies t\u00e9cnicas:<\/strong><\/p>\n\n\n\n<p>Son aqu\u00e9llas que permiten al usuario\nla navegaci\u00f3n a trav\u00e9s de la p\u00e1gina web o aplicaci\u00f3n y la utilizaci\u00f3n de las\ndiferentes opciones o servicios que en ella existen. Por ejemplo, controlar el\ntr\u00e1fico y la comunicaci\u00f3n de datos, identificar la sesi\u00f3n, acceder a las partes\nweb de acceso restringido, recordar los elementos que integran un pedido,\nrealizar la solicitud de inscripci\u00f3n o participaci\u00f3n en un evento, utilizar\nelementos de seguridad durante la navegaci\u00f3n y almacenar contenidos para la\ndifusi\u00f3n de videos o sonido<\/p>\n\n\n\n<p><strong>Cookies anal\u00edticas:<\/strong><\/p>\n\n\n\n<p>Son aqu\u00e9llas que permiten realizar\nel seguimiento y an\u00e1lisis del comportamiento de los usuarios en los sitios web.\nLa informaci\u00f3n recogida mediante este tipo de &#8216;cookies&#8217; se utiliza en la\nmedici\u00f3n de la actividad de los sitios web, aplicaci\u00f3n o plataforma y para la\nelaboraci\u00f3n de perfiles de navegaci\u00f3n de los usuarios de dichos sitios, con el\nfin de introducir mejoras en el servicio en funci\u00f3n de los datos de uso que\nhacen los usuarios.<\/p>\n\n\n\n<p><strong>Cookies de personalizaci\u00f3n:<\/strong><\/p>\n\n\n\n<p>Son aqu\u00e9llas que permiten al usuario\nacceder al servicio con algunas caracter\u00edsticas de car\u00e1cter general\npredefinidas en su terminal o que el propio usuario defina. Por ejemplo, el\nidioma, el tipo de navegador a trav\u00e9s del cual accede al servicio, el dise\u00f1o de\ncontenidos seleccionado, geolocalizaci\u00f3n del terminal y la configuraci\u00f3n\nregional desde donde se accede al servicio.<\/p>\n\n\n\n<p><strong>Cookies sociales:<\/strong><\/p>\n\n\n\n<p>Las necesarias para enlazar el sitio\nweb con sus redes sociales<\/p>\n\n\n\n<p><strong>Cookies de Publicidad y\npreferencias:<\/strong><\/p>\n\n\n\n<p>Son aqu\u00e9llas que permiten la gesti\u00f3n\neficaz de los espacios publicitarios que se han incluido en la p\u00e1gina web o\naplicaci\u00f3n desde la que se presta el servicio. Permiten adecuar el contenido de\nla publicidad para que esta sea relevante para el usuario y para evitar mostrar\nanuncios que el usuario ya haya visto<\/p>\n\n\n\n<p><strong>Cookies de Afiliados:<\/strong><\/p>\n\n\n\n<p>Permiten saber de d\u00f3nde proceden las\nvisitas al sitio web<\/p>\n\n\n\n<p><strong>Cookies de terceros:<\/strong><\/p>\n\n\n\n<p>En algunas p\u00e1ginas web se pueden\ninstalar &#8216;cookies&#8217; de terceros que permiten gestionar y mejorar los servicios\nofrecidos. Como por ejemplo, servicios estad\u00edsticos de Google Analytics y\nComscore<\/p>\n\n\n\n<p>En funci\u00f3n de su durabilidad pueden\nser:<\/p>\n\n\n\n<p><strong>Cookies de sesi\u00f3n:<\/strong><\/p>\n\n\n\n<p>Su vigencia expira al cerrar el\nnavegador<\/p>\n\n\n\n<p><strong>Cookies permanentes:<\/strong><\/p>\n\n\n\n<p>Su vigencia puede ser variable, una\nvez que han cumplido el objetivo que motiv\u00f3 su instalaci\u00f3n o cuando el usuario\nprocede a su borrado manual.<\/p>\n\n\n\n<p><strong><br>\nCOOKIES AFECTADAS POR LA NORMATIVA Y COOKIES EXCEPTUADAS<\/strong><\/p>\n\n\n\n<p>Seg\u00fan directiva de la UE, las\ncookies que requieren el consentimiento informado y expreso por parte del\nusuario son las cookies de anal\u00edticas, publicidad y afiliaci\u00f3n.<\/p>\n\n\n\n<p>Quedan exceptuadas aquellas que sean\nde car\u00e1cter t\u00e9cnico y necesario para el funcionamiento del sitio web o la\nprestaci\u00f3n de servicios expresamente solicitados por el usuario.<\/p>\n\n\n\n<p><strong>COMO ADMINISTRAR COOKIES EN EL\nNAVEGADOR<\/strong><\/p>\n\n\n\n<p>El usuario tiene la opci\u00f3n de\npermitir, bloquear o eliminar las &#8216;cookies&#8217; instaladas en su equipo mediante la\nconfiguraci\u00f3n de las opciones del navegador instalado en su terminal:<\/p>\n\n\n\n<p>Para ajustar los permisos\nrelacionados con las &#8216;cookies&#8217; en el navegador&nbsp;<strong>Google Chrome:<\/strong><\/p>\n\n\n\n<ul class=\"wp-block-list\"><li>Hacer clic\nen el men\u00fa situado en la barra de herramientas.<\/li><li>Hacer clic\nen el men\u00fa situado en la barra de herramientas.<\/li><li>Seleccionar\nConfiguraci\u00f3n.<\/li><li>Hacer clic\nen Mostar opciones avanzadas.<\/li><li>En la\nsecci\u00f3n &#8216;Privacidad&#8217; hacer clic en el bot\u00f3n Configuraci\u00f3n de contenido.<\/li><li>En la\nsecci\u00f3n de &#8216;Cookies&#8217; se pueden configurar las opciones.<\/li><li><a href=\"https:\/\/support.google.com\/chrome\/answer\/95647?hl=es\" target=\"_blank\" rel=\"noreferrer noopener\">M\u00e1s informaci\u00f3n sobre Google Chrome<\/a><\/li><\/ul>\n\n\n\n<p><br>\nPara ajustar los permisos relacionados con las &#8216;cookies&#8217; en el navegador&nbsp;<strong>Mozilla\nFirefox:<\/strong><\/p>\n\n\n\n<ul class=\"wp-block-list\"><li>En la parte\nsuperior de la ventana de Firefox hacer clic en el men\u00fa Herramientas.<\/li><li>Seleccionar\nOpciones.<\/li><li>Seleccionar\nel panel Privacidad.<\/li><li>En la opci\u00f3n\nFirefox podr\u00e1 elegir Usar una configuraci\u00f3n personalizada para el historial\npara configurar las opciones.<\/li><li><a href=\"https:\/\/support.mozilla.org\/es\/kb\/cookies-informacion-que-los-sitios-web-guardan-en-\" target=\"_blank\" rel=\"noreferrer noopener\">M\u00e1s informaci\u00f3n sobre Mozilla\nFirefox<\/a><\/li><\/ul>\n\n\n\n<p>Para ajustar los permisos\nrelacionados con las &#8216;cookies&#8217; en el navegador&nbsp;<strong>Internet Explorer 9:<\/strong><\/p>\n\n\n\n<ul class=\"wp-block-list\"><li>En la parte\nsuperior de la ventana de Internet Explorer hacer clic en el men\u00fa Herramientas.<\/li><li>Seleccionar\nla pesta\u00f1a de Seguridad y utilizar la opci\u00f3n Eliminar el historial de\nexploraci\u00f3n para eliminar las &#8216;cookies&#8217;. Activar la casilla &#8216;Cookies&#8217; y, a\ncontinuaci\u00f3n, hacer clic en Eliminar.<\/li><li>Seleccionar\nla pesta\u00f1a de Seguridad y acceder a Configuraci\u00f3n.<\/li><li>Mover el\ncontrol deslizante totalmente hacia arriba para bloquear todas las &#8216;cookies&#8217; o\ntotalmente hacia abajo para permitir todas las &#8216;cookies&#8217;. Tras ello, hacer clic\nen Aceptar.<\/li><li><a href=\"https:\/\/support.microsoft.com\/es-es\/products\/windows?os=windows-10\" target=\"_blank\" rel=\"noreferrer noopener\">M\u00e1s informaci\u00f3n sobre Internet Explorer<\/a><\/li><\/ul>\n\n\n\n<p>En caso de bloquear el uso de\n&#8216;cookies&#8217; en su navegador es posible que algunos servicios o funcionalidades de\nla p\u00e1gina web no est\u00e9n disponibles.<\/p>\n\n\n\n<p>En algunos navegadores se pueden\nconfigurar reglas espec\u00edficas para administrar &#8216;cookies&#8217; por sitio web, lo que\nofrece un control m\u00e1s preciso sobre la privacidad. Esto significa que se puede\ninhabilitar &#8216;cookies&#8217; de todos los sitios salvo de aquellos en los que se\nconf\u00ede.<\/p>\n\n\n\n<p>En cualquier caso, el usuario debe\nconocer que la desactivaci\u00f3n de las cookies puede dificultar o impedir el\nacceso a determinados apartados del Sitio Web, o bien puede degradarse su\nexperiencia de navegaci\u00f3n.<\/p>\n\n\n\n<p><strong>COOKIES UTILIZADAS&nbsp;POR&nbsp;ESTE&nbsp;SITIO&nbsp;WEB<\/strong><\/p>\n\n\n\n<ul class=\"wp-block-list\"><li><strong>1P_JAR<\/strong>: transfiere datos a Google. Tiene una permanencia de 1 semana.<\/li><li>PHPSESSID:  <br>Esta cookie es usado por el lenguaje de encriptado PHP para permitir que las variables de SESI\u00d3N sean guardadas en el servidor web. Esta cookies es esencial para el funcionamiento de la web. Permanencia lo que dure la sesi\u00f3n.<\/li><li>viewed_cookie_policy:  <br>Cookies de uso interno necesaria para el funcionamiento de la\u00a0visualizaci\u00f3n\u00a0de la pol\u00edtica de cookies de la web.<br><em>Permanencia de la cookie\u00a0<\/em>1 a\u00f1o .<\/li><li> wordpress_test_cookie : <br>Esta\u00a0<em>cookie<\/em>\u00a0se usa para que el gestor de contenidos WordPress compruebe si el navegador tiene las cookies activadas. <\/li><\/ul>\n\n\n\n<p>Las Cookies utilizadas en este sitio\nweb, est\u00e1n sujetas a los cambios de pol\u00edticas de sus propietarios, por lo que\nse recomienda consultar dichas pol\u00edticas a trav\u00e9s de los siguientes sitios web:<\/p>\n\n\n\n<p><strong>GOOGLE<\/strong><\/p>\n\n\n\n<p>Tipo: Anal\u00edtica de Terceros<\/p>\n\n\n\n<p>M\u00e1s Informaci\u00f3n:<\/p>\n\n\n\n<p><a href=\"http:\/\/www.google.com\/policies\/technologies\/types\/\" target=\"_blank\" rel=\"noreferrer noopener\">http:\/\/www.google.com\/policies\/technologies\/types\/&nbsp;<\/a><br>\n<a href=\"https:\/\/policies.google.com\/technologies\/types?hl=es\" target=\"_blank\" rel=\"noreferrer noopener\">https:\/\/policies.google.com\/technologies\/types?hl=es&nbsp;<\/a><br>\n<a href=\"https:\/\/developers.google.com\/analytics\/devguides\/collection\/analyticsjs\/cookie-usage#adanalytics\" target=\"_blank\" rel=\"noreferrer noopener\">https:\/\/developers.google.com\/analytics\/devguides\/collection\/analyticsjs\/cookie-usage#adanalytics<\/a><\/p>\n","protected":false},"excerpt":{"rendered":"<p>INFORMACI\u00d3N SOBRE COOKIES Debido a la entrada en vigor de la referente modificaci\u00f3n de la \u201cLey de Servicios de la Sociedad de la Informaci\u00f3n\u201d (LSSICE) establecida por el Real Decreto 13\/2012, es de obligaci\u00f3n obtener el consentimiento expreso del usuario de todas las p\u00e1ginas web que usan cookies prescindibles, antes de que \u00e9ste navegue por <a href=\"https:\/\/gruaspuntas.com\/?page_id=284\" rel=\"nofollow\"><span class=\"sr-only\">Leer m\u00e1sPOLITICA DE COOKIES<\/span>[&hellip;]<\/a><\/p>\n","protected":false},"author":2,"featured_media":0,"parent":0,"menu_order":0,"comment_status":"closed","ping_status":"closed","template":"","meta":{"footnotes":""},"class_list":["post-284","page","type-page","status-publish","hentry"],"_links":{"self":[{"href":"https:\/\/gruaspuntas.com\/index.php?rest_route=\/wp\/v2\/pages\/284","targetHints":{"allow":["GET"]}}],"collection":[{"href":"https:\/\/gruaspuntas.com\/index.php?rest_route=\/wp\/v2\/pages"}],"about":[{"href":"https:\/\/gruaspuntas.com\/index.php?rest_route=\/wp\/v2\/types\/page"}],"author":[{"embeddable":true,"href":"https:\/\/gruaspuntas.com\/index.php?rest_route=\/wp\/v2\/users\/2"}],"replies":[{"embeddable":true,"href":"https:\/\/gruaspuntas.com\/index.php?rest_route=%2Fwp%2Fv2%2Fcomments&post=284"}],"version-history":[{"count":3,"href":"https:\/\/gruaspuntas.com\/index.php?rest_route=\/wp\/v2\/pages\/284\/revisions"}],"predecessor-version":[{"id":299,"href":"https:\/\/gruaspuntas.com\/index.php?rest_route=\/wp\/v2\/pages\/284\/revisions\/299"}],"wp:attachment":[{"href":"https:\/\/gruaspuntas.com\/index.php?rest_route=%2Fwp%2Fv2%2Fmedia&parent=284"}],"curies":[{"name":"wp","href":"https:\/\/api.w.org\/{rel}","templated":true}]}}